 be m(-4). What is the remainder when 53 is divided by 168/(-9)*24/j?
25
Suppose 6*z + 73 = 109. What is the remainder when 51 is divided by z?
3
Suppose 0 = -4*h - 5*y + 23, 0*y - 10 = -2*h - 2*y. Suppose 2*i - 12 = -h*z, -4*z + 30 = -6*i + 7*i. What is the remainder when z is divided by 3?
2
Let w be -3 + -1 - (9 - 40). Suppose w*n = 23*n. Suppose n = 2*b - 3*b + 17. Calculate the remainder when 48 is divided by b.
14
Suppose 107*w - 330 = 96*w. What is the remainder when 297 is divided by w?
27
Let l(w) = -w**3 + 13*w**2 - 2*w + 58. What is the remainder when 93 is divided by l(13)?
29
Let o = 6 - 1. Let v = -455 - -506. Calculate the remainder when v is divided by o.
1
Let b be 3 - 3/(12/(-308)). Let v = b - 35. What is the remainder when v is divided by 16?
13
Suppose -6*w + 144 = -186. Calculate the remainder when 104 is divided by w.
49
Suppose 0 = -5*p + 2*i + 108, p - 5 = -4*i - 1. Calculate the remainder when 2/(-3) - 296/(-3) is divided by p.
18
Let d be 219/9*(-3 + 0/1). Let x = 220 + d. Calculate the remainder when x is divided by 15.
12
Suppose -2*l + 147 + 27 = 2*u, l = -1. Suppose -2*f + 34 = -5*v, 9*v - 4*v + u = 4*f. What is the remainder when f is divided by 13?
1
Let v(w) = -w**3 - 13*w**2 + 13*w - 11. Let q be v(-14). Suppose q*a - 8*a + 120 = 0. Calculate the remainder when 92 is divided by a.
20
Let t(x) = 3*x**2 - x - 36. What is the remainder when t(-7) is divided by 65?
53
Let l = -2864 + 2868. Calculate the remainder when 87 is divided by l.
3
Let w be 6*(-10)/15 - -4. Suppose 0 = 2*y - 4*h - 34, w = 2*y + 2*h - 0*h - 10. What is the remainder when 35 is divided by y?
8
Let t(o) = -16*o - 385. What is the remainder when t(-30) is divided by 7?
4
Suppose -4*j + 24 = h + j, 3*j = -3*h + 24. Suppose -h*l = -2*c - 44, -55 = -l - 4*l - 3*c. Let v = 61 - 42. Calculate the remainder when v is divided by l.
8
What is the remainder when (4 - 3)/(8/448) is divided by 40?
16
Suppose -6*l - j = -l - 30, -3*l + 3*j + 18 = 0. What is the remainder when 18 is divided by l?
0
Let x(s) be the first derivative of 0*s + 1/2*s**2 - 2/3*s**3 + 13/4*s**4 + 5. What is the remainder when x(1) is divided by 7?
5
Suppose 275 = 2*z + 191. Calculate the remainder when 125 is divided by z.
41
Let u = -304 - -399. What is the remainder when u is divided by 20?
15
Suppose -2*w = -3*w + 2. Suppose p = -w*p + 15. Suppose 0 = p*k - 5*l - 45, -5*l - 18 = -k - 5. What is the remainder when 23 is divided by k?
7
Suppose -11*h + 8*h = -216. Let i = 31 + h. Calculate the remainder when i is divided by 21.
19
Let a be (1 - 5)/(-6 - -4). Suppose 3*j + 2*l = 28, -2 = a*j - j - 5*l. Calculate the remainder when 206/j + (-2)/(-8) is divided by 7.
5
Let o be -8 + -1*(-3 + 1 - 0). Let p = o + 19. Calculate the remainder when 75 is divided by p.
10
Let y be 115/2 - (-12)/24. Suppose -4*u - 70 - y = 0. Let f = u + 54. What is the remainder when f is divided by 13?
9
Let y(i) = i**3 - 6*i**2 + 5*i - 2. Let q be y(5). Let g(j) = 2*j**2 - 66*j - 24. Let c be g(27). Calculate the remainder when c/(-8) - 1/q is divided by 15.
14
Let h(a) = -a**3 + 40*a**2 + 41*a + 35. Let d = 40 + -28. Calculate the remainder when h(41) is divided by d.
11
Suppose 0 = -5*f + 199 - 69. Suppose -2*n - 89 = 3*p - 188, -2*n + 107 = -5*p. Calculate the remainder when n is divided by f.
25
Suppose 5*i = 5*q, 0 = q + 4*i - 24 - 1. Suppose 91 = q*u + 4*a, u + 11 = 2*u - a. Calculate the remainder when 40 is divided by u.
10
Let u = 1193 + 302. Calculate the remainder when u is divided by 11.
10
Let p(m) = m**3 - m**2 + m + 7. Suppose i = 5*i. Let l be p(i). Suppose 5 - 1 = a - d, -5*d = -2*a - l. Calculate the remainder when a is divided by 4.
1
Let p = -9 - -20. Suppose -p*v + 90 = -6*v. Let m = -5 + v. What is the remainder when 24 is divided by m?
11
Suppose -27 = -3*j + 2*u, -2*j - j + 4*u = -27. What is the remainder when 274 is divided by j?
4
Calculate the remainder when 92 is divided by (1411/34)/((10/4)/5).
9
Suppose -298 = 12*o - 4558. What is the remainder when o is divided by 21?
19
Let f = -11 - -1028. What is the remainder when f is divided by 17?
14
Let x(p) = 2*p**2 + 12*p - 72. Suppose 76 = 4*j - 136. What is the remainder when j is divided by x(-10)?
5
Suppose 3*s - 106 + 34 = 0. Suppose 0 = -y + 248 - 17. Let w = -138 + y. What is the remainder when w is divided by s?
21
Suppose -3*q - 5 = -4*z, 3*z - 7 = 44*q - 45*q. Calculate the remainder when z is divided by 21/35 - (-14)/10.
0
Let o(g) = g**2 - 17*g + 87. What is the remainder when o(5) is divided by 16?
11
Let b = -56 + 82. Suppose -2*t - v = 3*t - 374, -v = -5*t + 376. Calculate the remainder when t is divided by b.
23
Suppose 0 = -82*g + 1537 + 677. Calculate the remainder when 39 is divided by g.
12
Suppose -4*n - 2*z = -219 - 291, n + 4*z = 124. Calculate the remainder when n is divided by 21.
2
Suppose 10*q + 712 = 2*q. Let h = q - -107. Calculate the remainder when 47 is divided by h.
11
Let t(n) = -n**2 - 4*n + 4. Let s(m) = -m**2 - 4*m + 3. Let r(h) = -5*s(h) + 4*t(h). Calculate the remainder when r(-9) is divided by 16.
14
Let d = 50 + -14. What is the remainder when 466 is divided by d?
34
Suppose -8*o - 572 = -52*o. Suppose 2*l - 27 = l - 4*u, u = 4*l - 74. Calculate the remainder when l is divided by o.
6
Suppose -3*q + 28 = 2*y + 3*y, -5*y = 4*q - 39. What is the remainder when 34 is divided by q - -6 - (-1 + 5)?
8
What is the remainder when ((-21144)/(-132) - 2) + (-2)/11 is divided by 45?
23
Suppose -2*o - 2*p - p = -106, p = -4*o + 212. Let b = -38 + o. Suppose n - b = 2. Calculate the remainder when 66 is divided by n.
15
Let q(b) = 6*b**3 + 216*b**2 - 7*b - 90. What is the remainder when q(-36) is divided by 57?
48
Let d(a) = -a + 14. Let l = 644 - 437. Suppose -4*k = 20, 63 - l = -3*m - 3*k. Calculate the remainder when m is divided by d(0).
11
Let m = 56 + -40. Suppose f - 3*f + m = 0. Suppose -f = -5*x + 17. What is the remainder when x is divided by 4?
1
Let w(x) = 231*x**2 + 43*x + 43. Calculate the remainder when w(-1) is divided by 18.
15
Calculate the remainder when 192 is divided by -9 + (-1 - (3 - 47)).
22
Let c be (((-68)/(-2))/(-2))/1. Let q = 25 + c. Let o = 8 - -5. What is the remainder when o is divided by q?
5
Suppose -414*a + 417*a = 117. Let m = -41 + 70. Suppose 0 = 5*s - 5*f - 99 + m, 2*f = 3*s - 42. Calculate the remainder when a is divided by s.
11
Let l = 120 + -107. What is the remainder when 2/(-17) + 6680/136 is divided by l?
10
Suppose -g = -t - 37 + 31, 5*t = -15. What is the remainder when 25 is divided by g?
1
Let y(t) = -t**3 - 5*t**2 + 4*t + 9. What is the remainder when 27 is divided by y(-6)?
6
Let v(d) = 10 - 5 + 5*d - 8. What is the remainder when v(11) is divided by 19?
14
Let r(w) = w**3 + 1. Let l be r(0). Calculate the remainder when ((-150)/5)/(-3 + (-18)/(-8)) is divided by 3 + -2 + (l - -12).
12
Suppose 0 = -m + 6*m - 175. Calculate the remainder when (17/2)/(18/(-216))*-1 is divided by m.
32
Suppose 0 = -5*j + j + 136. Let i(z) = -z**2 + 9*z + 10. Calculate the remainder when (j/(-6))/(1/(-3)) is divided by i(9).
7
Suppose b = 6*b + 15. Let k = -3 - b. Suppose 0 = u + 3*t + 2 - 8, k = 5*u + t - 44. Calculate the remainder when u is divided by 6.
3
Let f(a) = 226*a - 8. What is the remainder when f(1) is divided by 55?
53
Let r be 0 - (-6 - -3 - -1). What is the remainder when 18 is divided by 1 - (r + -9 - -3)?
3
Let h(a) = a**3 + 6*a**2 + 15. What is the remainder when 24 is divided by h(-6)?
9
Let p = 1382 + -1368. What is the remainder when 3736 is divided by p?
12
Calculate the remainder when 4*-1 - (-198 - (0 + -5)) is divided by 16.
13
Let m(g) = -g**3 + 8*g**2 + 2*g + 10. Suppose 2*p - 48 = -4*p. What is the remainder when m(p) is divided by ((-1)/(-2))/((-3)/(-54))?
8
Suppose 4*q - 13 = -0*b - 5*b, 1 = b. Suppose 6*l = q*l + 16. Calculate the remainder when 15 is divided by l.
3
Let w = 17 - -24. Let q = 5339 + -5325. What is the remainder when w is divided by q?
13
Suppose 9 = 2*o + 1. Let r be 5 + (-2 - -5 - o). Suppose -3*s - r = -5*s. Calculate the remainder when 2 is divided by s.
0
Let v = -1 + 6. Let d(p) = -p + 16. What is the remainder when d(v) is divided by 3?
2
Let l(k) = 2*k**2 - 3*k - 36. Let s = 17 - -18. Calculate the remainder w